 5*h**3/6 + 2*h**2. Calculate the remainder when (5 - 4)*-19*(1 - 2) is divided by x(7).
4
Suppose 23*g = 27*g + 4. Calculate the remainder when 24*(g*(-20)/(-8) + 3) is divided by (8/10)/(4/10).
0
Let l(x) = -x**2 + 24*x + 41. Let f = -43 - -68. Calculate the remainder when 219 is divided by l(f).
11
Let w = -63 - -96. Suppose -w = -4*l - 93. What is the remainder when 50 is divided by (l/10)/(3/(-52))?
24
Let c(r) be the third derivative of r**5/60 - r**4/24 - r**3/3 - r**2. Calculate the remainder when c(-3) is divided by ((-66)/(-20) - (-3)/15)*(90 + -88).
3
Suppose -5*j = -3*j - 4*o - 674, -3*o = -5*j + 1720. What is the remainder when j is divided by -4 + (21 + -34)*-3?
32
What is the remainder when ((-1750)/(-60))/(2/36) is divided by 38?
31
Suppose 0 = 5*y - 3*h - 10506, 1324 = -2*y + h + 5527. What is the remainder when y is divided by 78?
75
Let w(z) = 19*z + 1. Calculate the remainder when -5 + (-440)/25*1050/(-120)*1 is divided by w(2).
32
Let t be -1 + 161 + 12 + 144/(-12). Suppose -28*g - t = -48*g. What is the remainder when 37 is divided by g?
5
Let k = -7024 - -7145. Calculate the remainder when k is divided by 10.
1
Suppose -832 = 8*k - 10*k - 30*k. Suppose -2*c - 4*l + 1118 = 0, 3*c - 3*l - 929 = 793. What is the remainder when c is divided by k?
23
Let p be 2 + -3 + (270 - 5). Let y = -238 + p. Suppose 5*m - 21 = 49. Calculate the remainder when y is divided by m.
12
Suppose 5*g = -5*q + 260, 0*g + 5*g = -q + 56. Let u = 124825 - 124769. What is the remainder when u is divided by q?
5
Suppose 0 = -2*q + 111 - 7. Let f = q + 15. What is the remainder when f is divided by 88/(-40) - 2626/(-130)?
13
Let p(n) = -n**3 + 108*n**2 + 220*n + 262. What is the remainder when p(110) is divided by 59?
26
Let s(q) = -6*q**3 - 3*q**2 - 10. What is the remainder when 969 is divided by s(-3)?
94
Let s = -3445 - -3463. What is the remainder when 251 is divided by s?
17
Let x(z) = 6*z - 6. Let w(o) = o + 7. Let s be w(-2). Let n be x(s). Let f(b) = b + 11. What is the remainder when f(n) is divided by 13?
9
Suppose n - 731 = -28*w + 24*w, -1420 = -2*n - 2*w. What is the remainder when n is divided by 253?
197
Let d(m) = 7*m - 34. Let w be d(5). What is the remainder when 59 is divided by ((-154)/55)/(w/(-5))?
3
Let f be (-4 - (-70)/15) + (-380)/(-6). Suppose 67*d - f*d = -258. What is the remainder when 0 - 0 - (d - 9) is divided by 14?
11
Let x = 10 + -7. Suppose 0*c - x*c + 237 = 0. Let a(b) = 8*b + 32. Calculate the remainder when c is divided by a(-2).
15
Let d = -131 + 98. Let l = d + 220. Suppose 0 = w + 2*f - 42, -w + 2*f + 6 + 28 = 0. Calculate the remainder when l is divided by w.
35
Let o = 21727 - 21622. Calculate the remainder when 350 is divided by o.
35
Suppose -1 - 17 = -3*g. Suppose 0 = -10*s + g*s + 56. Suppose -i = -21 - s. What is the remainder when i is divided by 19?
16
Let d(s) = -46*s + 575*s**2 - 572*s**2 + 8 + 0. Calculate the remainder when d(18) is divided by 39.
35
Suppose 2*k - 8084 = i, -15*k = -13*k - 3*i - 8076. Calculate the remainder when k is divided by 71.
68
Let t = -11439 + 11554. Calculate the remainder when t is divided by (-316)/(-9) + 14/(-126).
10
Suppose 0 = -2*w - 3*i + 50, -4*w + 3*i = -0*w - 64. Let m = 15832 - 15672. What is the remainder when m is divided by w?
8
Suppose 43 = -3*x + 55. Suppose -3*n + 2 = -13, 2*l - x*n = -10. Calculate the remainder when 83 is divided by l.
3
Calculate the remainder when 106 is divided by -22*(3 - (-5 - -9)).
18
Suppose 57*u - 2*a = 59*u - 2, 0 = -u - 4*a - 23. Suppose 5*w = 3*f - 104, -3*f - 2*w + 38 = -38. Calculate the remainder when f is divided by u.
1
Let m be (8/12)/((-6)/(-9)). What is the remainder when 387 is divided by 52/2*((-35)/(-10) - m)?
62
Suppose -57 = -10*p + 23. Suppose p*m - 31*m + 644 = 0. What is the remainder when 36 is divided by m?
8
Let m(a) = 1214*a + 18. What is the remainder when m(2) is divided by 98?
94
Let l = -326 + 338. What is the remainder when 324 is divided by 22/(-132) + 662/l?
49
Let s(r) = r**2 - 30*r - 61. Let k be s(32). Suppose -p + 140 = p + k*q, -5*p + 3*q = -392. What is the remainder when p is divided by 26?
24
Suppose 2*m - 3*k + 2 = 0, -2*k = 3*m + 2*m + 5. Calculate the remainder when 163 is divided by m/(-6) - (2415/(-18))/23.
1
Let d = 21374 + -21362. What is the remainder when 8038 is divided by d?
10
Let t(p) = -p**2 - 26*p - 74. Let d be t(-14). Let q = -86 + d. Calculate the remainder when 28 is divided by q.
4
Suppose -99*d = -47*d - 40*d - 7020. What is the remainder when d is divided by 89?
51
Let s(j) = j**3 - 7*j**2 + 2*j - 18. Let x be s(7). What is the remainder when 0 + 33 - (0 - 0) is divided by 6/x + 296/16?
16
Suppose -4*s + 61 - 9 = 0. Let u = 52 - 50. Suppose 0 = 2*n + r - 72, r = -u*r. What is the remainder when n is divided by s?
10
Suppose 0 = -39*d + 37*d + 48. Suppose 7*b - 73 + 45 = 0. Suppose 32 = 4*a + 2*y, -a + 2*y - 25 = -b*a. What is the remainder when d is divided by a?
3
Let k(c) = 95*c - 3003. Let p = -14 + 38. What is the remainder when k(33) is divided by p?
12
Let k(f) = 8*f - 8. Let u be k(7). Let z = -43 + u. Suppose -t - t = z*p - 37, -2*t + 43 = -p. What is the remainder when t is divided by 8?
5
Let b(g) = g**3 - 23*g**2 + 26*g - 41. Let k = -5 - -10. What is the remainder when b(22) is divided by k?
2
Let u(d) be the third derivative of d**5/30 - d**4/8 - 5*d**3/6 - 2*d**2. Calculate the remainder when u(6) is divided by (-78)/52*(-52)/6.
10
Suppose -5*p + 285 + 30 = 4*z, 20 = 4*z. Let r = p + -52. Suppose 0 = -3*v - r + 25. Calculate the remainder when 69 is divided by v.
3
Let x = -11 + 16. Let y(j) = j + 1. Let c(v) = v**3 - 24*v**2 + 25*v + 21. Let n(w) = c(w) - 2*y(w). Calculate the remainder when n(23) is divided by x.
4
Let s = 698 + -638. What is the remainder when -4 + 1850/s + (-1)/(-6) is divided by 4?
3
Let k = -206 + 102. Let v = k - -108. Suppose -5*s + 6 = -2*j, 2*j - v*s + 9 = j. Calculate the remainder when j is divided by 5.
2
Suppose -42 = 2*j + t, 3*j - 1 = 2*j + 5*t. Let s = 1 - j. Calculate the remainder when (-40)/(-12)*12 + -7 is divided by s.
13
Suppose -8 = -3*h + 7*h. Let x = h + 10. Suppose -2*f = 2*m - 178, 415 = x*m - 3*m - f. What is the remainder when m is divided by 17?
16
Let i be (-13)/(-2)*(0 + 2). Suppose -6*o = -i*o + 273. What is the remainder when 148 is divided by o?
31
Let w be (-16)/72 + 94/18. Let r = 12 + w. Suppose 2*k + 3*l + r = 191, 2*k = l + 166. What is the remainder when k is divided by 22?
18
Suppose -33*f + 180 = -15*f. What is the remainder when 60 is divided by f/(-2) - (-65 + 34)?
8
Let j = -3336 + 3419. Calculate the remainder when j is divided by 44.
39
Let u = 90 + -42. Suppose -6*l - u = -222. What is the remainder when 69 is divided by l?
11
Suppose 0*c + 170 = 3*c + r, -4*c + r = -215. Suppose 3*g - c = -2*g. Suppose 39 = -g*q + 12*q. Calculate the remainder when 153 is divided by q.
36
Calculate the remainder when -6362*1/12*-6 is divided by 74.
73
Let d(f) = -8*f - 13. Let n be d(-4). Let p be ((-6)/4)/(n/(-152)). Let g(w) = 2*w + 23. What is the remainder when g(p) is divided by 12?
11
Let n(c) = -25*c**2 - c + 1. Let u be n(-2). Let v = u - -145. Let g = -121700 + 121713. What is the remainder when v is divided by g?
9
Suppose 3*m + 79 = 121. What is the remainder when 182 is divided by m?
0
Calculate the remainder when 951/4 + 765/(-204)*(-1)/3 is divided by 43.
24
Let r = 213 + -105. Suppose -r = -4*p + b, -4*p = -b + 4*b - 92. What is the remainder when 175 is divided by p?
19
What is the remainder when 21 is divided by ((-45)/(-25))/(81/270)?
3
Let y = 89 - 17. Let q be (3 - 4)*2*-2. Suppose -30 = -6*c + q*c. Calculate the remainder when y is divided by c.
12
Suppose 6 = 2*d, -341 = -49*l + 47*l - 3*d. Calculate the remainder when l is divided by 11.
1
What is the remainder when 5*(-3 + (-35748)/(-90)) is divided by 58?
57
Let m(u) = 25*u**2 + 21*u**3 - 26*u**2 + u - 18*u**3. Let t be m(1). Let q = t + 59. Calculate the remainder when q is divided by 13.
10
Suppose 4*l = -3*c + 293, 4*c + 5*l + 104 = 5*c. Let y(v) = -v**2 + 739*v - 2198. What is the remainder when c is divided by y(3)?
9
Suppose 482 = 58*c - 446. Let t(a) = -4*a**3 - 2*a**2 + 8*a + 6. What is the remainder when t(-6) is divid